 List the prime factors of i.
149
Let u(t) = 4*t + t - 2 - 5*t + 3*t + 189*t**3. What are the prime factors of u(1)?
2, 5, 19
Let c = 1759 + -838. What are the prime factors of c?
3, 307
Let c(f) = 48*f + 6. Let z be c(8). Suppose 3*d - z = d. What are the prime factors of d?
3, 5, 13
Let y = 18 - 19. Let v be -2*y*(-5)/(-2). Suppose -2*g + 3*k - 21 = -68, v*g - 125 = 5*k. List the prime factors of g.
2, 7
Let s(z) = 15*z + 2297. List the prime factors of s(0).
2297
Let v = 33 - 13. Let a = v - -17. List the prime factors of a.
37
Suppose 30556 = 39*s - 12890. What are the prime factors of s?
2, 557
Let c(w) = w**2 - 4*w + 2. Let a be c(1). Let g(y) = -7*y**3 - 2*y**2 + 1. List the prime factors of g(a).
2, 3
Let s(d) = d**3 - 2*d**2 - d + 4. Suppose -4*z - 3 = -2*j - 3*z, -3*j + 4*z = 3. Let a be s(j). What are the prime factors of 24/a*20/6?
2
Suppose -2*o - 4 = -4*o. Suppose -1 = -r + o*c + 25, -c + 17 = r. Suppose 0 = 4*d + 4*m - 16 - r, -4 = 2*m. What are the prime factors of d?
11
Let u = -1539 - -2306. List the prime factors of u.
13, 59
Suppose h - 3*h + 338 = 4*u, -5*h + 2*u = -821. Suppose 9*z - h = 4*z. List the prime factors of z.
3, 11
Suppose 144*k = 149*k - 4730. What are the prime factors of k?
2, 11, 43
Let g(n) = -n**3 + 24*n**2 + 23*n + 15. Let p be g(25). Let q be 66 + -2*1/1. Let u = p + q. List the prime factors of u.
29
What are the prime factors of 45/(-15) - 698/(-2)?
2, 173
Let w(x) = 71*x + 3. List the prime factors of w(8).
571
Suppose 28*m - 41598 - 52818 = 0. List the prime factors of m.
2, 3, 281
Let j = 104 + 233. List the prime factors of j.
337
Let g = -1459 - -2951. What are the prime factors of g?
2, 373
Suppose -6629 - 1521 = -25*s. What are the prime factors of s?
2, 163
Suppose -5*j = -5*w + 15, 0 = 4*w - j - 2*j - 9. Suppose 3*r + 5*r - 344 = w. What are the prime factors of r?
43
Suppose 0 = 4*p - 4*u - 24, 2*p - u + 1 = 10. Suppose q + p*i - 224 = 0, -q + 2*i + 716 = 2*q. List the prime factors of q.
2, 59
Suppose 0 = -i - 4*i - 45. Let m = i - -9. Suppose -3*r - 3*a + 36 = m, -a - 42 = -4*r - 3*a. What are the prime factors of r?
3
Let l be 68/10 - 6/(-30). Suppose l*v - 153 = 4*v + 4*s, -4*s = v - 35. List the prime factors of v.
47
Let c(y) = 11*y + 9. Let u be c(15). Suppose q - 183 = -u. List the prime factors of q.
3
Let s(r) = -r**3 + 16*r**2 - 18*r + 19. What are the prime factors of s(7)?
2, 167
Suppose -n = 2*n + 12. Suppose 0 = r + 4*r + 40. What are the prime factors of (n/6)/(r/276)?
23
Suppose 206*q - 194*q = 15264. List the prime factors of q.
2, 3, 53
Let s be 14/(-35) + (-1 - 46/10). What are the prime factors of (272/s - 0)*(1 + -4)?
2, 17
Suppose -583*r + 24900 = -568*r. List the prime factors of r.
2, 5, 83
Let s = -415 - -582. Let n = s + 57. List the prime factors of n.
2, 7
Let l = -86 + 84. What are the prime factors of 16/40 + l/10*-608?
2, 61
Let p(d) = 50*d + 137. List the prime factors of p(11).
3, 229
Suppose -5*k + 51 = 3*j - 0*k, -5*k - 21 = -3*j. Let f(o) = 3*o**2 - 9 + 10*o**2 - 2*o + o + j. What are the prime factors of f(2)?
53
Suppose -g - 2 = 0, 4*g = k + 5*g - 6. List the prime factors of 9/((-18)/k) - -177.
173
Let a = 3517 + -2464. List the prime factors of a.
3, 13
Let h = -13 - -11. Let q be h/(-7) - (-1230)/(-42). Let l = q + 43. What are the prime factors of l?
2, 7
Suppose 4*k - 290 - 626 = -4*d, 0 = 5*d - 2*k - 1117. What are the prime factors of d?
3, 5
Let g = -6 + 2. Suppose 2*y = -0 + 2. List the prime factors of 279/12 + y/g.
23
Let y = 847 - 549. What are the prime factors of y?
2, 149
Suppose o + 1660 = 4*x, 16*o - 19*o - 830 = -2*x. List the prime factors of x.
5, 83
Suppose 0 = 20*g - 17*g. Suppose g*z + 45 = 3*b - 3*z, 3*b = 2*z + 43. Let m = 30 - b. List the prime factors of m.
17
Let s be 12/(-2 - -6) + 6. Suppose -4*g = 3*t + g - 49, -t = -2*g - s. What are the prime factors of t?
13
Suppose 0 = b + a - 3 - 0, 2*b + 4*a - 4 = 0. Suppose 3*g - b*t - 19 = 0, -g - 2*g - 2*t = -13. What are the prime factors of g?
5
Suppose d = -3*r + 2186 + 4141, 4*r = 2*d - 12614. What are the prime factors of d?
3, 5, 421
Let y be -2 - -6 - (2 - 1). Suppose 0 = -x + v - 60, -y*x + 4*v = 2*x + 295. Let r = -32 - x. What are the prime factors of r?
23
List the prime factors of (-19232)/(-96) + 4/6.
3, 67
Let f(j) = j - 9. Let z be f(-6). Let s = 32 + z. List the prime factors of s.
17
Suppose 0 = -14*z + 20*z - 6636. What are the prime factors of z?
2, 7, 79
What are the prime factors of (4/(2 - -2))/((-8)/(-2504))?
313
Suppose 3*c + c + 3975 = i, 2*i = c + 7957. What are the prime factors of i?
23, 173
What are the prime factors of ((-288)/(-80))/(3/1845)?
2, 3, 41
Let y be 19 + -10 + 0 + -4. Let d(f) = 3*f**2 - 8*f + 7. What are the prime factors of d(y)?
2, 3, 7
Suppose -4*z + 5*z - 2 = 0. Let p be (z/3)/(1/3). What are the prime factors of p/(-8) - 735/(-28)?
2, 13
Let n = 3 - -1. Suppose -n*r = -8, h + 3*r - 11 = -r. Suppose -4*g - 6 = 3*f - 54, -5*g - h*f = -63. List the prime factors of g.
3, 5
Let u be 0/(4/4 + 1). Suppose -27*y + 32*y + 200 = u. What are the prime factors of (y/60)/(2/(-219))?
73
What are the prime factors of ((-88)/6)/((-8)/588)?
2, 7, 11
Suppose -3*p + 2 - 11 = 0. Let s be p/(3 - 36/8). Suppose -s*a - 27 = -5*a. List the prime factors of a.
3
Let a be (-2 - -9)*((-2)/7 + 2). Suppose -a = -2*k - 0*k. What are the prime factors of k?
2, 3
Suppose -3*p = -9 - 3. Let h(x) = -x + 1. Let z be h(p). Let t = z + 11. What are the prime factors of t?
2
Suppose 2*n = -33 - 37. What are the prime factors of (4/10 - 0) + (-2856)/n?
2, 41
Suppose -26*c + 4376 + 10704 = 0. List the prime factors of c.
2, 5, 29
Let b be 2 - (-1)/(-1 + 3/6). Suppose b = 4*n - 4*z - 604, -2*n + 0*z = z - 296. List the prime factors of n.
149
Suppose -24*k + 2992 = -16*k. What are the prime factors of k?
2, 11, 17
Let b(l) = 52*l**2 - l - 1. Let k = 137 - 138. What are the prime factors of b(k)?
2, 13
List the prime factors of (-5 + -14)/(2 - 118/58).
19, 29
List the prime factors of (-54328)/(-48) + 3 + 2/12.
5, 227
Let v(s) = -s - 3*s - 23 + s. What are the prime factors of v(-13)?
2
Let h be (-117)/(-21) + 5 + (-6)/(-14). Let m(o) = 5*o + 45. What are the prime factors of m(h)?
2, 5
Let d be 3150/99 + 0 + 4/22. Suppose 0 = w - 59 - d. What are the prime factors of w?
7, 13
Let z = -45 + 39. What are the prime factors of (2 - (-39)/(-18)) + (-433)/z?
2, 3
Let a = -1965 - -2854. What are the prime factors of a?
7, 127
Suppose -4*h - 47*i = -44*i - 5716, -4*h - 5*i = -5708. What are the prime factors of h?
2, 179
Let f(r) = -85*r**2 - 3*r - 1. Let w = -7 - -6. Let i be f(w). Let v = i + 159. List the prime factors of v.
2, 19
Suppose -4*t + 25 = t. Suppose -5*k + t = -5. List the prime factors of -15*(-1 + k/(-10)).
2, 3
Let z(f) = 2*f - 2*f + 3*f**3 - 4*f**3 + 2*f + 112. List the prime factors of z(0).
2, 7
Let v = -10 + 13. Suppose -c - 172 = -v*c. What are the prime factors of c/18 - 6/(-27)?
5
Suppose -10*r - 107 = -327. List the prime factors of r.
2, 11
Suppose 4*f + 5 = 13. Suppose 3*x = -g + 6*g - 447, -4*x - 176 = -f*g. What are the prime factors of g?
2, 3, 5
Let u = 28 - 48. Let y = 69 + u. List the prime factors of y.
7
Let b = 150 + 127. Let y = b + 36. What are the prime factors of y?
313
What are the prime factors of (-70350)/(-98) + (-2 - 45/(-21))?
2, 359
Let y(v) be the first derivative of -v**4/6 - v**3/3 + 3*v**2/2 - 1. Let k(h) be the second derivative of y(h). What are the prime factors of k(-5)?
2, 3
Let w = 23 + 31. Suppose q + w - 108 = 0. List the prime factors of q.
2, 3
Let s(p) = 1245*p + 494. What are the prime factors of s(4)?
2, 7, 17, 23
Let o = -19 + 63. What are the prime factors of o?
2, 11
Suppose 105*n = 91*n + 31710. What are the prime factors of n?
3, 5, 151
Let f be (-36)/(-24)*2*1. Suppose -2*x - f*s + 21 = 0, s + 17 = -0*x + 2*x. What are the prime factors of -5 + x - (-16 - 1)?
3, 7
What are the prime factors of (-15)/45*(-2721)/(-4)*-4?
907
Let l(v) = v**3 + 10*v**2 - v - 7. Let o be l(-10). Suppose 2*g + 30 = -o*g. What are the prime factors of (-126)/(-12) + g/(-4)?
2, 3
Suppose 2656 = -2*n + 4*n. What are the prime factors of n?
2, 83
Let m(z) = -169*z - 4. Suppose 0 = -0*j - 5*j - 10. Let y be m(j). Suppose 5*n = 2*x -